= -4*n + 66, -x*a + a = 4*n - 136. What is the units digit of a?
0
Suppose 6*y = 8*y. Suppose 7*w - 9 - 5 = y. Suppose 0 = -6*k + w*k + 92. What is the tens digit of k?
2
Let h(k) be the second derivative of -11*k**6/720 + k**5/40 - 5*k**4/12 - 5*k. Let t(f) be the third derivative of h(f). What is the tens digit of t(-5)?
5
Suppose 0 = -c + 5*n + 157, n + 188 = 3*c - 325. What is the hundreds digit of c?
1
Let i = -95 - -119. Suppose x + 3*q = i, 6*x - 5*q - 160 = x. What is the tens digit of x?
3
Suppose -r + 79 = -4*n, -n = 2*n + 15. Suppose 2*i + 3*l - r = 0, -21 - 76 = -3*i + 4*l. What is the units digit of i?
1
Let n be 34/(-4)*((-16)/(-4) + 20). Let q = -114 - n. What is the tens digit of q?
9
Let q = 17 - 11. Let n(u) = u**3 - 7*u**2 + 6*u + 2. Let p be n(q). Suppose p*c + 33 = 5*c. What is the units digit of c?
1
Suppose -9*j = -739 - 998. Suppose j = -r + 4*r + w, w + 269 = 4*r. What is the tens digit of r?
6
Suppose -3*h - 936 = -1200. What is the tens digit of h?
8
Let x(h) = 4*h**2 + 10*h + 7. What is the units digit of x(-15)?
7
Let j(p) = 6*p + 97. Let f(o) = -o - 16. Let a(k) = 34*f(k) + 6*j(k). What is the tens digit of a(-5)?
2
Let c = 10 - -117. What is the hundreds digit of c?
1
Let d = 23 - 32. Let i = 1 - d. What is the tens digit of i?
1
Suppose -8 = -5*i + 4*i - 4*m, 0 = 5*i - 5*m + 10. What is the units digit of 38 + i + -3 + 3?
8
Suppose 2*l - 2*f + f + 2 = 0, -3*l + 2 = f. Let r be l/3 - 58*1. What is the tens digit of r*-2*3/12?
2
Let t(s) = 3*s**3 + s + 4. Let r(x) = 6*x**3 + 2*x + 9. Let k(w) = -3*r(w) + 7*t(w). Let d be k(-1). What is the units digit of 1 + 30 - 0/d?
1
Let k(z) = z**2 - z + 12. Let a be k(0). Suppose -14*x = -a*x + 252. What is the units digit of (-2)/(-9) + (-2240)/x?
8
Let h = 49 + 9. Let l = -16 + h. Suppose -3*s - 81 = -5*g, 3*g - 3*s - s = l. What is the tens digit of g?
1
Suppose -4*o + 5*z = 2*z + 7, 5*o = 5*z - 5. Let p be o/(4 - (-6)/(-1)). Suppose -7*k - p*k + 702 = 0. What is the units digit of k?
8
What is the tens digit of (-105 - 0/1)*(-5)/3?
7
Suppose 0 = -3*v - 3*u - 54, -5*u = -16 - 4. Let i be (-12)/(-66) - 964/v. Let g = i - 18. What is the units digit of g?
6
Let p = -116 + 118. What is the tens digit of (-12)/8*(-51)/9*p?
1
Let v(p) = -9*p + 88. What is the hundreds digit of v(-8)?
1
What is the units digit of (-672)/15*(10 - 35) - 1?
9
Let m(z) = -19*z**2 + 2*z - 34. Let j be m(-6). Let w = -512 - j. What is the units digit of w?
8
Let g(n) = 5*n + 87. What is the units digit of g(16)?
7
Let s(m) = -m**3 - 3*m**2 + 2*m + 7. Let b be 12/(-54) + (-80)/(-36). Suppose -b*n - 25 = 3*n. What is the units digit of s(n)?
7
Suppose 11*n - 3*f - 275 = 10*n, -n + 2*f + 275 = 0. What is the units digit of n?
5
What is the tens digit of 624 + 3/1 + -4?
2
Let m(y) = 3*y**2 - 9*y + 30. Let w be m(4). Suppose -4*r = -266 + w. What is the units digit of r?
6
Let l(i) = 8*i**3 + 27*i**2 + 11*i - 20. Let w(m) = 2*m**2 - 2*m**3 - 11*m**2 + 7 - 4*m - m**3. Let g(y) = -4*l(y) - 11*w(y). What is the units digit of g(9)?
3
Let d(g) = 35*g + 10. Let l(c) be the first derivative of 17*c**2/2 + 5*c + 6. Let j(a) = 6*d(a) - 13*l(a). What is the units digit of j(-3)?
8
Let d(l) = -10*l + 44. Let i = 125 + -151. What is the units digit of d(i)?
4
Let y = 166 - 71. Suppose -4*d = -y - 149. What is the tens digit of d?
6
Let p = 106 - 84. What is the units digit of p?
2
Let y = 12 + -7. Suppose 0 = 75*m - 76*m + 50. What is the tens digit of 177/y + (-20)/m?
3
Let b be -1 - (33 - (1 - 4)). Let v be (122/(-8))/((-1)/4). Let d = b + v. What is the tens digit of d?
2
Suppose -57*g - 6448 = -26968. What is the tens digit of g?
6
Let j(o) = -18*o + 2. Let z(u) = u + 11. Let w be z(-15). Let f be j(w). Suppose 0 = 5*p - 224 + f. What is the tens digit of p?
3
Let m = 1714 - 1150. What is the hundreds digit of m?
5
Let n(a) = 11*a**2 + 31*a - 93. What is the hundreds digit of n(16)?
2
Suppose 8*c = -3*c + 7502. What is the units digit of c?
2
Let l = 28 + -76. What is the tens digit of 33*3/((-27)/l)?
7
Let k = 1014 - 612. What is the hundreds digit of k?
4
Let s(v) = 2*v**2 - 9*v + 2. Let k be 0 - -1 - -1*4. Let h be s(k). Suppose 0 = u - h - 24. What is the units digit of u?
1
Suppose 0 = 9*d - 2*d + 154. Let h = 31 + d. What is the units digit of h?
9
Let w be -2*(-2 + 12/2). Let v be w/36 + (-222)/(-27). Suppose 4*c - 4*x = 216, -3*c - 262 = -v*c - 3*x. What is the tens digit of c?
5
Suppose -3*n + 0*n - 5*t + 25 = 0, -t + 5 = 4*n. Suppose n = -2*h + 85 + 1. What is the units digit of h?
3
Suppose -2*b - 2*k = -5*b - 40, -5*b - 64 = -4*k. Let g = 16 - b. What is the units digit of g?
2
Let t(l) = -l**3 - 6*l**2 + 9*l + 1. Let x be t(-7). Let q(j) = -j**2 - 12*j + 15. Let s be q(x). Suppose s = k - 2. What is the units digit of k?
4
What is the thousands digit of (55920/140)/(2/14)?
2
Suppose u - 1275 + 325 = 0. What is the units digit of u?
0
Let w(c) = 2*c**3 - 2*c**2 + 2*c. Let r be w(1). Suppose -r*l + 6*l = 12, -4*l = -t + 64. What is the tens digit of t?
7
Let r(z) = 35*z**2 - 3*z + 5. What is the units digit of r(-5)?
5
Let n = 34 + -26. Let q(x) = 12*x - 5. What is the units digit of q(n)?
1
Let k(g) = g + 11. Let r be ((-12)/(-5))/(9/30). Let f be ((-2)/6)/(r/(-168)). What is the units digit of k(f)?
8
Suppose m - 55 = -5*q, -2*m = 3*q + 2*q - 95. Suppose -z - 38*y + 42*y = -164, -2*z + 4*y = -324. Suppose m - z = -4*a. What is the tens digit of a?
3
Let o = 698 + -406. What is the tens digit of o?
9
Let j = 11 + -17. Let c(b) = b**2 + 8*b + 10. Let y be c(j). What is the units digit of (-1 + y)/6*-26?
3
Let h = 330 - -44. What is the units digit of h?
4
Suppose 0*h - 2*g = 5*h - 5, -3*h - 4*g = 11. Suppose -h*c + c + d = -33, c - 2*d - 21 = 0. What is the tens digit of 5/(3 - c/6)?
1
Suppose -8*o - 31 = -5503. Suppose 0*r = 4*r - o. What is the tens digit of r?
7
Let s(q) be the third derivative of -q**5/60 + 11*q**4/24 - 3*q**3/2 + 7*q**2. Let k be s(10). What is the units digit of k - 3/(1 - 2)?
4
Let f be 2 + (-8)/(-12)*-3. Suppose f = -p - 3*z - 9 + 2, 5*z + 15 = -2*p. What is the tens digit of (-448)/(-20) - 6/p?
2
Let v(r) = r**3 - 8*r**2 + 5*r + 6. Let t be v(6). Let n = 228 + t. Suppose 5*s - 193 = -d + 3*d, 5*s = 3*d + n. What is the units digit of s?
9
Suppose 10*c - 665 = 2125. What is the tens digit of c?
7
Let u(z) = 10*z**2 - 45*z + 1. What is the thousands digit of u(14)?
1
Let i = 5 + 12. Suppose u = 0, -5*q + 2 = -u + i. What is the units digit of 3 - (18/q - -1)?
8
Let n be (-18)/27 + (-2)/(-3). Suppose x + 1 - 3 = n. Suppose 136 = x*d + 2*d. What is the tens digit of d?
3
Suppose -4200 = -2*w - 8*w. What is the units digit of w?
0
Let r = 311 - 124. What is the hundreds digit of r?
1
Suppose 2*i - 23 = 195. Let d = -28 + i. What is the tens digit of d?
8
Let v(y) be the first derivative of -y**3/3 + y**2 + 120*y - 2. What is the hundreds digit of v(0)?
1
Suppose 84*l = 59*l + 17625. What is the tens digit of l?
0
Suppose -m + 3*n - 12 = 4*m, -5*m + 2*n - 8 = 0. What is the units digit of (2 - m) + 1 - -142?
5
Let t be (-2)/(-3) - 12/18. Suppose t = -3*g + 7 + 8. Suppose -90 = -10*b + g*b. What is the units digit of b?
8
Suppose x - 6 - 6 = 0. Suppose -j + 3 = 2*k, 3*j + k - x = -4*k. What is the units digit of j?
9
Let d(k) = -2*k**3 + 14*k**2 + k - 2. Let p be d(8). Let y = p + 207. What is the units digit of y?
5
Suppose u + 1532 = 2*u - 4*n, -4*n + 3100 = 2*u. What is the units digit of u?
4
What is the units digit of 21/70 - 29361/(-30)?
9
Let m(j) = -20*j**2 + 41*j + 29. Let y be m(26). What is the tens digit of (y/15)/(-7) - 1/3?
1
Let j(z) = -z + 5. Let i be j(3). What is the tens digit of (128/(-12))/(i/(-6))?
3
Suppose g = 4, 2*g = -5*r - 100 + 2328. What is the tens digit of r?
4
Let q = 30 - 29. What is the units digit of (-1000)/(-7) + (24/21 - q)?
3
Let y(u) = -261*u - 15. Let w be y(-2). Let s = w + -339. What is the hundreds digit of s?
1
What is the hundreds digit of 3456/13 - (-5)/(520/16)?
2
Let p be 0 - (-5)/(20/(-844)). Let d = -118 - p. What is the units digit of d?
3
Let i(d) = -2*d - 3*d - 1 + 11 + 2 - 8*d**2 + d**3. Let q(b) = -4*b**3 + 31*b**2 + 20*b - 48. Let l(m) = -9*i(m) - 2*q(m). What is the units digit of l(10)?
8
Suppose -5*o - o + 12 = 0. Suppo